culate the greatest common divisor of 4 and z.
4
Suppose 0*u = -u. Suppose u = -3*w - 2*p + 4 + 4, w - 2*p = 0. What is the greatest common divisor of w and 14?
2
Suppose -144 = -4*i - 8*i. Calculate the greatest common factor of i and 10.
2
Let t(b) = 6*b - 2. Let i be t(5). Let l = i + -16. What is the greatest common divisor of 12 and l?
12
Suppose 5*v - 3*v - 4*f = 38, 3*v - 2*f = 49. What is the highest common factor of v and 45?
15
Suppose 36 = 2*g + 4*k, -6*k - 20 = -2*g - 2*k. Let t = g - 10. Suppose -3*y + 15 + 31 = 2*c, 90 = 4*c + 5*y. Calculate the highest common factor of c and t.
4
Let y(k) = -k**2 + 7*k + 6. Let g be y(5). What is the greatest common factor of g and 24?
8
Let x(f) = -2*f**3 + 2*f - 1. Let r be x(-4). Let v be (-3 + 3)*(1 - 0). Suppose v = 5*o + 41 - 126. Calculate the highest common factor of o and r.
17
Suppose -21 = -4*t - 1. Let b(j) = -4 + 0*j - 4 + j. Let w be b(9). What is the greatest common divisor of w and t?
1
Let c(y) = y**2 - 2*y - 4. Let n be c(5). Calculate the highest common divisor of n and 99.
11
Let d(b) = 3*b**2. Let k be d(1). Suppose -62 = -k*r + 106. Suppose 2*n - u - 16 = -n, 0 = -n - 2*u + 17. What is the greatest common divisor of n and r?
7
Suppose 0*y = -y + 4. Let d = 1 + y. Let p be 2 + -1 + -3 + 12. What is the greatest common divisor of d and p?
5
Let q = -5 - -7. Suppose 18 + q = 2*y. Let b = 52 + -37. Calculate the highest common factor of b and y.
5
Let j be (-10)/(-4)*(9 + 1). Let r be 31 - (11 + -3 - 2). What is the greatest common divisor of r and j?
25
Suppose -w = w - 20. Let d be 175/10*8/w. Let f(c) = 2*c**2 - 8*c - 8. Let s be f(-6). What is the highest common factor of s and d?
14
Let m = -32 + 54. What is the highest common divisor of m and 198?
22
Let r(c) = -5*c**2 + 9*c + 3. Let z(w) = -w**2 + 2*w + 1. Let j(t) = -2*r(t) + 9*z(t). Let k be j(-3). Calculate the highest common divisor of 30 and k.
6
Suppose -13*g + 1155 = -8*g. Let u be (42/(-4))/((-2)/4). Calculate the highest common divisor of g and u.
21
Let y = -11 + 5. Let c(w) be the third derivative of -w**4/12 - w**3/3 - w**2. Let j be c(y). Calculate the highest common factor of 80 and j.
10
Let o(x) = 10*x - 12. Let k be o(7). What is the highest common divisor of k and 29?
29
Let u be 3*(-4)/(8/(-10)). Suppose -u = -0*c - 5*c. Let h be (c - 0)*24/9. What is the highest common divisor of 1 and h?
1
Let b = 7 + 9. Calculate the greatest common divisor of b and 128.
16
Suppose -10 = -8*n + 46. Calculate the highest common factor of n and 21.
7
Suppose -6*z + 135 + 123 = 0. Calculate the greatest common divisor of z and 86.
43
Let j = 146 - 119. Calculate the greatest common divisor of j and 6.
3
Let l be -1 + (-3 - -2) + 51. Calculate the highest common factor of 21 and l.
7
Suppose 1056 - 270 = -3*n. Let d be n/(-11) + (-10)/(-55). What is the greatest common factor of 168 and d?
24
Let r(b) = 4*b**2 - 3*b + 2. Let l be r(5). Let x = l + -17. Let g(w) = 9*w**2 + 1. Let h be g(1). What is the greatest common factor of h and x?
10
Suppose -3*c + 50 = 14. Calculate the highest common factor of 12 and c.
12
Let p = -19 - -38. Let k(r) = -4*r - 43. Let s be k(-25). What is the greatest common divisor of s and p?
19
Let y = -6 - -9. Suppose -2*w + y = -125. What is the greatest common factor of w and 8?
8
Suppose -2*r = -3*r - 5*d + 8, -2*r - 6 = -d. Let l be (r - -3)*-2 + 77. Calculate the highest common factor of l and 15.
15
Let t = 4 - 5. Let s be (-1)/t + (-2)/(-2). Let j be 153/21 - s/7. Calculate the highest common divisor of 49 and j.
7
Let s(h) = 4*h**2 + 2*h. Let m be s(2). Calculate the highest common divisor of 8 and m.
4
Let h(s) = s**2 - 8*s - 1. Let f be h(8). Let r be 9/(-3) - 5*f. Suppose 27 - 8 = r*v - 5*y, -4*v + 4*y = -20. What is the highest common divisor of v and 6?
2
Let r(d) = -d**2 + 6*d - 6. Let w be r(4). Suppose u = 3*v - 0*v - 6, 0 = -w*u - v + 23. Let s = -20 - -47. What is the greatest common factor of u and s?
9
Let f be (2 - -99) + 0 + -1. Suppose -3*u + 20 = 2*u. Let g be u + -3 + (-19)/(-1). What is the greatest common divisor of g and f?
20
Let j(z) = 0*z**3 - z + 2 - z**3 + 1 + 0*z. Let o be j(-3). Let i = -10 - -13. Calculate the highest common factor of o and i.
3
Suppose 0 = -5*a + 4*a + 1. Let o(u) = -3*u + 1. Let y be o(-7). Suppose -y = -5*c - 7. What is the highest common divisor of c and a?
1
Let j be ((-8)/(-1))/2 + 0. Calculate the highest common divisor of 6 and j.
2
Let q(z) = -z**2 + 3*z + 2. Let k be q(-2). Let w = -2 - k. Let v be 10/4 - (-3)/w. Calculate the highest common factor of 3 and v.
3
Let x be (-6*(-12)/(-16))/(2/(-12)). What is the highest common divisor of 63 and x?
9
Let n = 15 + -11. What is the greatest common divisor of 32 and n?
4
Let i be 3 - 14*1/(-1). Let c = 33 - i. What is the highest common factor of c and 16?
16
Let i be (5/2)/(6/60). What is the greatest common divisor of 125 and i?
25
Suppose -5*x + 145 = 5*o, 3*o - 22 - 71 = -x. Calculate the greatest common divisor of o and 16.
16
Let o(q) = q**3 + 13*q**2 + 12*q + 2. Suppose -g - 12 + 0 = 0. Let p be o(g). Calculate the highest common factor of 8 and p.
2
Let k(w) be the third derivative of w**5/60 + 3*w**4/8 + 7*w**3/6 + 5*w**2. Let d be k(-10). What is the highest common divisor of d and 51?
17
Let o = -100 - -144. Suppose o - 160 = -2*n. Let m = n + -9. What is the greatest common factor of m and 7?
7
Let u(q) = -4*q - 10. Let z be u(-8). What is the highest common divisor of 22 and z?
22
Let j be ((-27)/(-6))/((-5)/(-30)). Calculate the greatest common factor of j and 3.
3
Let j = 93 + -122. Let t(b) = -3*b**2 + b - 2. Let z be t(2). Let i = z - j. What is the greatest common factor of 51 and i?
17
Let j(z) = -z + 1. Let v be -1 + (0 + -1)*2. Let x be j(v). Suppose -14 = 2*u - x*u. Calculate the highest common divisor of 21 and u.
7
Let w(f) = f + 5. Let b be w(5). Let a = -19 - -33. Let y = a + 66. What is the highest common factor of y and b?
10
Suppose 23 = 5*l + 118. Let y = l - -51. Let a(p) = p**2 - p + 4. Let n be a(0). What is the greatest common factor of y and n?
4
Suppose -u - 3*u = -2*f + 26, -4*f + 59 = -u. Suppose -f + 0 = -5*w. Suppose -l - 33 = -2*l. What is the greatest common factor of l and w?
3
Let o(q) = q**2 - 2*q + 2. Let r be o(3). Suppose 0 = -x + 10 + r. Calculate the greatest common factor of x and 15.
15
Let d be (-40)/(-7) - (-4)/14. Let u = -10 - -27. Suppose -5*b = -j - u, 4*b + j - 1 = 9. What is the greatest common divisor of d and b?
3
Let s = 58 - -166. What is the greatest common divisor of s and 28?
28
Suppose 3*s = 2*z - 512, 0 = 5*s + 2*z + z + 885. Let g = -99 - s. Let i(p) = 14*p**2 + p. Let r be i(1). Calculate the highest common factor of r and g.
15
Suppose -3*x = -f + 31, 2*f = -2*f + x + 69. What is the greatest common factor of 2 and f?
2
Suppose -4*i + 2*k = -14, 8*i + 4*k + 15 = 3*i. Suppose 0 = -p - p + 8. What is the highest common divisor of i and p?
1
Let k = -6 + 38. Calculate the greatest common divisor of k and 4.
4
Let k be (9/(-6))/((-3)/66). Suppose -12 = -0*w - 4*w. What is the greatest common factor of k and w?
3
Let x = -6 + 8. Suppose o + x*o - 3*n - 6 = 0, -n + 18 = 4*o. What is the greatest common divisor of 2 and o?
2
Let a be 3/1 - 1*-6. Suppose -4*d + 200 + 196 = 0. Calculate the greatest common divisor of a and d.
9
Let a be 4/2 + (3 - 2). Suppose 0 = 4*c - a*c + 360. Let l = c - -525. What is the highest common divisor of l and 15?
15
Let b(s) = -5*s + 3. Let p be b(-1). Calculate the greatest common factor of p and 8.
8
Suppose -12 = -2*t + 2*l, 4*t = 5*l + 26 - 2. Calculate the greatest common factor of 3 and t.
3
Let a be 4*(-18)/(-24) + 5. Calculate the highest common factor of a and 12.
4
Let n(a) = a**2 + a + 16. Let k be n(0). Let x be ((-32)/(-10))/(2/10). Let d = 32 - x. What is the greatest common divisor of d and k?
16
Let a = 20 + -18. Let m be ((-24)/(-4))/a - -1. Calculate the highest common divisor of 28 and m.
4
Let t = -60 + 98. What is the greatest common divisor of 114 and t?
38
Suppose 24 = 4*x - 4. Let m be (-254)/(-12) - 3/18. What is the greatest common divisor of m and x?
7
Let b(x) = 4*x**2 + 2*x - 1. Let l be b(-2). What is the highest common divisor of l and 88?
11
Suppose -9*l = -